ppose -4*l + 5*l + 2*m = -3, 2*m - r = -4*l. Calculate the highest common divisor of l and 16.
1
Suppose -2*n - 2*n + 60 = 0. Suppose -21 = 2*z - 31. Suppose 136 = 3*m + 4*s + 9, -4*s + 217 = z*m. Calculate the highest common factor of n and m.
15
Suppose -5*i + 105*a + 260 = 107*a, 0 = 2*i - 3*a - 123. Calculate the greatest common divisor of 1998 and i.
54
Let w = 9729 - 5697. What is the greatest common factor of w and 480?
96
Suppose 2*i = -5*d + 3916, -5*d + 3228 + 680 = 6*i. What is the highest common divisor of 63 and d?
7
Let p be (-88373)/(-7) - (17 + (-1936)/112). What is the greatest common divisor of 125 and p?
125
Let b be 4/6 + 64/(-96). Suppose -2*f - 3*t = -41, -f + t - 4*t + 28 = b. Calculate the greatest common factor of f and 13.
13
Let l(q) = q**2 - 50*q + 729. Let g be l(22). What is the greatest common factor of g and 28928?
113
Suppose -5*n + 19 = -n + 5*k, -4*n + 21 = 3*k. Let v = 73 + -185. Let s be v/n*(-7 + -2). What is the highest common divisor of s and 24?
24
Let n = -3110 - -3149. Calculate the greatest common divisor of 1053 and n.
39
Suppose 3*a - 2*x - 8 = 0, 5*a + 3*x - 12 - 33 = 0. Calculate the greatest common factor of 1161 and a.
3
Suppose 0 = m + 2*m - 42. Let r be 6 + 5*(2 - 3). Let o be (-165)/(-132)*(55 + r). What is the highest common divisor of m and o?
14
Let t be (2/(-4))/(5 - 3305/660). Suppose 0 = 2*q + 5*g - t, 2*q + 2*g = -2*q + 116. Let z = q + -7. Calculate the highest common divisor of 105 and z.
21
Let g(c) = c**3 - 51*c**2 + 5*c + 83. Let b be g(51). What is the highest common factor of 130 and b?
26
Let n = 814 - 766. Suppose t = -3*t + n. Calculate the highest common divisor of 384 and t.
12
Suppose -n - a = -2539, -3*n + 1513 = a - 6118. What is the highest common factor of n and 603?
67
Let v(o) = 74*o**3 + 40*o**2 - 39*o + 257. Let s be v(7). What is the highest common divisor of 52 and s?
26
Let z(x) = -238*x + 734. Let m be z(3). Suppose 5*k = 89 + 61. What is the greatest common factor of m and k?
10
Suppose 0*n - 2*n + 366 = 3*t, 0 = -n + 2*t + 197. Suppose 7*p = 8*p - n. Let f be 4*2 - (0 - 19). Calculate the highest common divisor of p and f.
27
Let c = -29 - -33. Suppose c*p - 8 = -3*r - p, 5*r - 2*p = 65. Suppose -3*j = 2*u - 49 - r, 5*u - 150 = -j. What is the highest common factor of u and 10?
10
Let h be (-12)/44 - (-1086672)/176. What is the greatest common factor of h and 35?
7
Let x be (4 - (-63)/(-12))*10/(-5)*14. What is the highest common factor of x and 135?
5
Suppose 0 = -z + 5*l - 17, -3*z = -3*l + 17 - 38. Let q be 516/20 - 1/(-5). Calculate the highest common divisor of z and q.
13
Let t(m) = -2*m**3 + 11*m**2 + 7*m - 30. Let k be t(8). Let z = k - -299. Calculate the greatest common factor of 85 and z.
5
Let u be 13/(143/11220) - 8. Calculate the greatest common divisor of u and 572.
44
Let h(s) = s**3 - 49*s**2 + 15*s - 602. Let x be h(49). Calculate the highest common divisor of x and 63.
7
Let g be 2/(-9) - 1487/(-9). Let k = -1612 + 1615. Suppose k*h + 2*d = 112 - 3, 84 = 3*h - 3*d. What is the highest common factor of h and g?
33
Let j(h) = 25*h + 5 - 21*h - 25. Let o be j(7). Suppose -68 - 116 = -o*r. Calculate the greatest common factor of r and 46.
23
Let m be (1/3)/((-1)/(-57)). Suppose -3*z = -12*z - 279. Let g = z - -202. What is the greatest common factor of m and g?
19
Suppose -2*c = -5*n - 260, 2*c - 2*n - 256 = n. Suppose -4*h - 160 = 4*h. Let o = c + h. Calculate the greatest common factor of 15 and o.
15
Let h = -56 - -461. Suppose 3*n + 5*z = 160, z + 85 = 3*n - n. What is the greatest common divisor of h and n?
45
Suppose 97*a - 148313 = -56*a + 210166. What is the highest common factor of a and 284?
71
Suppose -2*x + 22 = -4*p, 0 = 5*x + 4*p - 2*p - 79. Suppose -j - x = 2. Let a = j + 33. Calculate the greatest common divisor of 40 and a.
8
Let p(y) = 26*y**2 + 26*y + 2. Let k be p(-3). Suppose -g = -k - 37. Calculate the greatest common factor of g and 15.
15
Suppose -702 = -16*r + 162. Let j = r + 34. Let s(n) = -5*n - 3. Let m be s(-5). Calculate the greatest common factor of j and m.
22
Let s be 105/1 + (-88 + 8)/(-8). What is the highest common factor of 805 and s?
115
Let p be 10/((-140)/(-6342)) - 9. Calculate the highest common factor of 60 and p.
12
Let y = 35 + -24. Suppose -72*x = -67*x - 1500. Let u = x + -212. Calculate the highest common divisor of y and u.
11
Let v be (-14 - -19)*170/25. Calculate the highest common divisor of 4250 and v.
34
Let h = 13267 + -11224. Calculate the highest common factor of 2497 and h.
227
Let f = -11 + -24. Let i be 1 - (-18)/(-10) - 518/f. Calculate the highest common factor of i and 2.
2
Suppose 3*d - 29555 = 331*i - 333*i, -5*i = -5*d + 49200. Calculate the highest common divisor of 86 and d.
43
Suppose 0 = -0*s + 2*s - 22. Let a = 895 + -892. Suppose -a*b = -124 + 25. Calculate the greatest common factor of b and s.
11
Suppose -185 - 139 = -4*r. Suppose n - 2*j = 281 - 142, -4*j - 413 = -3*n. What is the greatest common divisor of n and r?
27
Suppose 63 = -7*p - 0. Let v(z) = z + 18. Let k be v(p). Suppose a = 10 - k. What is the greatest common divisor of a and 9?
1
Let i be (-8748)/(-28) + (2/14)/(7/(-21)). Calculate the highest common divisor of 3640 and i.
104
Let i = -119 - -123. Suppose i*b + 4*g = 3*g + 37, -g = -5. What is the highest common factor of b and 216?
8
Let o(t) = 76*t + 1642. Let p be o(-14). Calculate the greatest common divisor of 986 and p.
34
Suppose 0 = a - 14*b + 11*b - 72, b + 78 = a. Let p(i) = -i**3 + 8*i**2 - 4*i + 6. Let f be p(6). What is the highest common factor of f and a?
27
Suppose -89*f + 96*f - 1617 = 0. What is the greatest common factor of 168 and f?
21
Let w(q) = 5*q**3 + 49*q**2 - 5*q + 28. Let f be w(-6). Calculate the highest common divisor of f and 112.
14
Let y = 10879 + -8071. What is the highest common factor of y and 9?
9
Let x = -1118 - 384. Let y = -794 - x. Suppose 580 = 14*o - y. Calculate the highest common divisor of 4 and o.
4
Let y be 1 + -3 - (-47 + 3). Suppose -8*m + 8 = -32. Suppose 0 = -m*k - 9 + 79. What is the highest common factor of y and k?
14
Suppose -45 = -2*v - 3*z - 51, 3*v - 3*z - 21 = 0. What is the highest common divisor of v and 1083?
3
Let q(u) = -2*u**3 + 37*u**2 + 5*u - 168. Let d be q(18). What is the highest common factor of d and 18?
6
Let h = 1819 - 1714. What is the greatest common factor of h and 2355?
15
Let d(y) = -y**3 - 20*y**2 - 22*y - 24. Let g be d(-18). Let o = 295 + g. Calculate the highest common factor of 494 and o.
19
Let u be (186/4)/(20 - (-1248)/(-64)). Calculate the greatest common divisor of u and 41199.
93
Let y(g) be the first derivative of 15*g**4 + g**2 - 2*g + 386. Let s be y(1). Let l = 48 + -3. Calculate the greatest common factor of s and l.
15
Let i(m) = 168*m - 1457. Let y be i(9). Suppose 3*n - 132 = -0*n. Calculate the highest common factor of y and n.
11
Let w be (1/((-10)/436))/(37*(-148)/1546970). Calculate the greatest common divisor of w and 109.
109
Suppose 5*t + 15 = -3*g, 12 = -5*g + 37. Let b be ((-15)/t - 2)/(29/15370). Let s(p) = 14*p + 8. Let m be s(7). Calculate the highest common divisor of m and b.
53
Let c = 19679 - 19426. Calculate the highest common divisor of 1507 and c.
11
Suppose 10*b - 5107 = -4*b - 1453. What is the highest common factor of 333 and b?
9
Suppose -5*h + 0*h + t = -475, 4*t = -5*h + 475. Suppose -8*r + h + 17 = 0. Let l be 3*-14*1/(-3). What is the highest common factor of r and l?
14
Suppose -3*o - 5*n + 1458 + 266 = 0, -2*o + 1160 = -2*n. Let y be 16/(-44) - (-4536)/132. Calculate the highest common divisor of y and o.
34
Let w = 40 + -40. Let x = w - -21. Let d = 23 - x. Calculate the highest common factor of d and 8.
2
Suppose 1 = 4*u - 7. Suppose 120 = j + u*j. Let x = 58 - j. Calculate the greatest common divisor of 162 and x.
18
Suppose -3*j - 8*j + 33 = 0. Suppose 0 = -3*f + 3*s, j = 2*f + 4*s - 3. What is the highest common factor of f and 14?
1
Suppose 1353*a - 1338*a - 1140 = 0. What is the highest common factor of a and 266?
38
Suppose 0 = -4*y - 24, -3*f - 13*y + 174 = -11*y. Calculate the highest common factor of f and 4185.
31
Let f = -15119 + 15167. What is the greatest common divisor of 3424 and f?
16
Suppose 9*f = 5*f + 8.